{"id":4325,"date":"2025-09-11T00:50:01","date_gmt":"2025-09-11T00:50:01","guid":{"rendered":"https:\/\/nemrac.mx\/?post_type=product&#038;p=4325"},"modified":"2025-09-11T00:50:17","modified_gmt":"2025-09-11T00:50:17","slug":"plataforma-de-trabajo-aereo-genie-gs1930-usada-genie-6m-elevador-de-tijera-hidraulico-electrico-y-bi-energia-de-segunda-mano-en-venta","status":"publish","type":"product","link":"https:\/\/nemrac.mx\/index.php\/producto\/plataforma-de-trabajo-aereo-genie-gs1930-usada-genie-6m-elevador-de-tijera-hidraulico-electrico-y-bi-energia-de-segunda-mano-en-venta\/","title":{"rendered":"Plataforma de trabajo a\u00e9reo Genie GS1930 usada Genie 6m elevador de tijera hidr\u00e1ulico el\u00e9ctrico y bi-energ\u00eda de segunda mano en venta"},"content":{"rendered":"","protected":false},"excerpt":{"rendered":"","protected":false},"featured_media":4238,"comment_status":"closed","ping_status":"closed","template":"","meta":[],"product_brand":[],"product_cat":[124],"product_tag":[],"class_list":{"0":"post-4325","1":"product","2":"type-product","3":"status-publish","4":"has-post-thumbnail","6":"product_cat-plataformas-de-elevacion","8":"first","9":"instock","10":"shipping-taxable","11":"product-type-simple"},"_links":{"self":[{"href":"https:\/\/nemrac.mx\/index.php\/wp-json\/wp\/v2\/product\/4325","targetHints":{"allow":["GET"]}}],"collection":[{"href":"https:\/\/nemrac.mx\/index.php\/wp-json\/wp\/v2\/product"}],"about":[{"href":"https:\/\/nemrac.mx\/index.php\/wp-json\/wp\/v2\/types\/product"}],"replies":[{"embeddable":true,"href":"https:\/\/nemrac.mx\/index.php\/wp-json\/wp\/v2\/comments?post=4325"}],"version-history":[{"count":1,"href":"https:\/\/nemrac.mx\/index.php\/wp-json\/wp\/v2\/product\/4325\/revisions"}],"predecessor-version":[{"id":4341,"href":"https:\/\/nemrac.mx\/index.php\/wp-json\/wp\/v2\/product\/4325\/revisions\/4341"}],"wp:featuredmedia":[{"embeddable":true,"href":"https:\/\/nemrac.mx\/index.php\/wp-json\/wp\/v2\/media\/4238"}],"wp:attachment":[{"href":"https:\/\/nemrac.mx\/index.php\/wp-json\/wp\/v2\/media?parent=4325"}],"wp:term":[{"taxonomy":"product_brand","embeddable":true,"href":"https:\/\/nemrac.mx\/index.php\/wp-json\/wp\/v2\/product_brand?post=4325"},{"taxonomy":"product_cat","embeddable":true,"href":"https:\/\/nemrac.mx\/index.php\/wp-json\/wp\/v2\/product_cat?post=4325"},{"taxonomy":"product_tag","embeddable":true,"href":"https:\/\/nemrac.mx\/index.php\/wp-json\/wp\/v2\/product_tag?post=4325"}],"curies":[{"name":"wp","href":"https:\/\/api.w.org\/{rel}","templated":true}]}}