{"id":4269,"date":"2025-09-11T00:15:10","date_gmt":"2025-09-11T00:15:10","guid":{"rendered":"https:\/\/nemrac.mx\/?post_type=product&#038;p=4269"},"modified":"2025-09-11T00:15:15","modified_gmt":"2025-09-11T00:15:15","slug":"elevador-de-plataforma-vertical-hidraulica-de-12m-usado-jcpt1212ac-equipo-de-construccion-portatil-elevador-de-tijera-autopropulsado","status":"publish","type":"product","link":"https:\/\/nemrac.mx\/index.php\/producto\/elevador-de-plataforma-vertical-hidraulica-de-12m-usado-jcpt1212ac-equipo-de-construccion-portatil-elevador-de-tijera-autopropulsado\/","title":{"rendered":"Elevador de plataforma vertical hidr\u00e1ulica de 12M usado JCPT1212AC equipo de construcci\u00f3n port\u00e1til elevador de tijera autopropulsado"},"content":{"rendered":"","protected":false},"excerpt":{"rendered":"","protected":false},"featured_media":4188,"comment_status":"closed","ping_status":"closed","template":"","meta":[],"product_brand":[],"product_cat":[124],"product_tag":[],"class_list":{"0":"post-4269","1":"product","2":"type-product","3":"status-publish","4":"has-post-thumbnail","6":"product_cat-plataformas-de-elevacion","8":"first","9":"instock","10":"shipping-taxable","11":"product-type-simple"},"_links":{"self":[{"href":"https:\/\/nemrac.mx\/index.php\/wp-json\/wp\/v2\/product\/4269","targetHints":{"allow":["GET"]}}],"collection":[{"href":"https:\/\/nemrac.mx\/index.php\/wp-json\/wp\/v2\/product"}],"about":[{"href":"https:\/\/nemrac.mx\/index.php\/wp-json\/wp\/v2\/types\/product"}],"replies":[{"embeddable":true,"href":"https:\/\/nemrac.mx\/index.php\/wp-json\/wp\/v2\/comments?post=4269"}],"version-history":[{"count":1,"href":"https:\/\/nemrac.mx\/index.php\/wp-json\/wp\/v2\/product\/4269\/revisions"}],"predecessor-version":[{"id":4285,"href":"https:\/\/nemrac.mx\/index.php\/wp-json\/wp\/v2\/product\/4269\/revisions\/4285"}],"wp:featuredmedia":[{"embeddable":true,"href":"https:\/\/nemrac.mx\/index.php\/wp-json\/wp\/v2\/media\/4188"}],"wp:attachment":[{"href":"https:\/\/nemrac.mx\/index.php\/wp-json\/wp\/v2\/media?parent=4269"}],"wp:term":[{"taxonomy":"product_brand","embeddable":true,"href":"https:\/\/nemrac.mx\/index.php\/wp-json\/wp\/v2\/product_brand?post=4269"},{"taxonomy":"product_cat","embeddable":true,"href":"https:\/\/nemrac.mx\/index.php\/wp-json\/wp\/v2\/product_cat?post=4269"},{"taxonomy":"product_tag","embeddable":true,"href":"https:\/\/nemrac.mx\/index.php\/wp-json\/wp\/v2\/product_tag?post=4269"}],"curies":[{"name":"wp","href":"https:\/\/api.w.org\/{rel}","templated":true}]}}