{"id":4267,"date":"2025-09-11T00:15:07","date_gmt":"2025-09-11T00:15:07","guid":{"rendered":"https:\/\/nemrac.mx\/?post_type=product&#038;p=4267"},"modified":"2025-09-11T00:15:14","modified_gmt":"2025-09-11T00:15:14","slug":"plataforma-elevadora-hidraulica-dingli-jcpt1012hd-usada-elevador-de-brazo-telescopico-hidraulico-elevador-de-tijera-en-venta","status":"publish","type":"product","link":"https:\/\/nemrac.mx\/index.php\/producto\/plataforma-elevadora-hidraulica-dingli-jcpt1012hd-usada-elevador-de-brazo-telescopico-hidraulico-elevador-de-tijera-en-venta\/","title":{"rendered":"Plataforma elevadora hidr\u00e1ulica Dingli JCPT1012HD usada elevador de brazo telesc\u00f3pico hidr\u00e1ulico elevador de tijera en venta"},"content":{"rendered":"","protected":false},"excerpt":{"rendered":"","protected":false},"featured_media":4184,"comment_status":"closed","ping_status":"closed","template":"","meta":[],"product_brand":[],"product_cat":[124],"product_tag":[],"class_list":{"0":"post-4267","1":"product","2":"type-product","3":"status-publish","4":"has-post-thumbnail","6":"product_cat-plataformas-de-elevacion","8":"first","9":"instock","10":"shipping-taxable","11":"product-type-simple"},"_links":{"self":[{"href":"https:\/\/nemrac.mx\/index.php\/wp-json\/wp\/v2\/product\/4267","targetHints":{"allow":["GET"]}}],"collection":[{"href":"https:\/\/nemrac.mx\/index.php\/wp-json\/wp\/v2\/product"}],"about":[{"href":"https:\/\/nemrac.mx\/index.php\/wp-json\/wp\/v2\/types\/product"}],"replies":[{"embeddable":true,"href":"https:\/\/nemrac.mx\/index.php\/wp-json\/wp\/v2\/comments?post=4267"}],"version-history":[{"count":1,"href":"https:\/\/nemrac.mx\/index.php\/wp-json\/wp\/v2\/product\/4267\/revisions"}],"predecessor-version":[{"id":4283,"href":"https:\/\/nemrac.mx\/index.php\/wp-json\/wp\/v2\/product\/4267\/revisions\/4283"}],"wp:featuredmedia":[{"embeddable":true,"href":"https:\/\/nemrac.mx\/index.php\/wp-json\/wp\/v2\/media\/4184"}],"wp:attachment":[{"href":"https:\/\/nemrac.mx\/index.php\/wp-json\/wp\/v2\/media?parent=4267"}],"wp:term":[{"taxonomy":"product_brand","embeddable":true,"href":"https:\/\/nemrac.mx\/index.php\/wp-json\/wp\/v2\/product_brand?post=4267"},{"taxonomy":"product_cat","embeddable":true,"href":"https:\/\/nemrac.mx\/index.php\/wp-json\/wp\/v2\/product_cat?post=4267"},{"taxonomy":"product_tag","embeddable":true,"href":"https:\/\/nemrac.mx\/index.php\/wp-json\/wp\/v2\/product_tag?post=4267"}],"curies":[{"name":"wp","href":"https:\/\/api.w.org\/{rel}","templated":true}]}}